{"id":37,"date":"2020-09-02T17:14:32","date_gmt":"2020-09-02T15:14:32","guid":{"rendered":"http:\/\/www.lmevidence.sav.sk\/?page_id=37"},"modified":"2021-11-15T10:19:12","modified_gmt":"2021-11-15T09:19:12","slug":"covid-19","status":"publish","type":"page","link":"http:\/\/www.lmevidence.sav.sk\/?page_id=37","title":{"rendered":"Covid &#8211; 19"},"content":{"rendered":"<div id=\"themify_builder_content-37\" data-postid=\"37\" class=\"themify_builder_content themify_builder_content-37 themify_builder\">\n    \t<!-- module_row -->\n\t<div   class=\"themify_builder_row module_row clearfix module_row_0 themify_builder_37_row module_row_37-0 tb_tfol459\">\n\t    \t    <div class=\"row_inner col_align_top\" >\n\t\t\t<div  class=\"module_column tb-column col-full first tb_37_column module_column_0 module_column_37-0-0 tb_1gv2459\">\n\t    \t    \t        <div class=\"tb-column-inner\">\n\t\t    <!-- module text -->\n<div  class=\"module module-text tb_oey1846    \">\n            <div  class=\"tb_text_wrap\">\n    <h3 style=\"text-align: center;\">V pr\u00edpade, \u017ee V\u00e1s zauj\u00edma ak\u00e1 je situ\u00e1cia Slovenska v porovnan\u00ed s okolit\u00fdmi \u0161t\u00e1tmi Eur\u00f3pskej \u00fani\u00ed, m\u00f4\u017eete si ju prezrie\u0165 tu. Nach\u00e1dzaj\u00fa sa tu zauj\u00edmav\u00e9 grafy, ktor\u00e9 V\u00e1m pom\u00f4\u017eu zodpoveda\u0165 niektor\u00e9 Va\u0161e ot\u00e1zky.<\/h3>    <\/div>\n<\/div>\n<!-- \/module text -->\n    <!-- module divider -->\n    <div  class=\"module module-divider tb_4a34644 solid    \" style=\"border-width: 3px;border-color: #000000;\">\n\t            <\/div>\n    <!-- \/module divider -->\n\t        <\/div>\n\t    \t<\/div>\n\t\t    <\/div>\n\t    <!-- \/row_inner -->\n\t<\/div>\n\t<!-- \/module_row -->\n\t\t<!-- module_row -->\n\t<div   class=\"themify_builder_row module_row clearfix module_row_1 themify_builder_37_row module_row_37-1 tb_kkqm668\">\n\t    \t    <div class=\"row_inner col_align_top\" >\n\t\t\t<div  class=\"module_column tb-column col2-1 first tb_37_column module_column_0 module_column_37-1-0 tb_29g9668\" style=\"width: 49%\">\n\t    \t    \t        <div class=\"tb-column-inner\">\n\t\t    <!-- module text -->\n<div  class=\"module module-text tb_uv2f692    \">\n            <div  class=\"tb_text_wrap\">\n    <h3 style=\"text-align: center;\"><a href=\"https:\/\/rpubs.com\/Tomas_Miklosovic\/714787\"><strong>Priebeh a ekonomick\u00e9 dopady pand\u00e9mie<\/strong><\/a><\/h3>    <\/div>\n<\/div>\n<!-- \/module text -->\n    <!-- module image -->\n    <div  class=\"module module-image tb_inmh370 circle image-full-overlay    active-caption-hover\">\n\t                <div class=\"image-wrap\">\n                            <a href=\"https:\/\/rpubs.com\/Tomas_Miklosovic\/714787\"\n                                      >\n                                           <img decoding=\"async\" src=\"http:\/\/www.lmevidence.sav.sk\/wp-content\/uploads\/2021\/01\/graf1-1024x357-860x300.jpg\" height=\"300\" class=\" wp-post-image wp-image-314\" alt=\"graf1\" srcset=\"http:\/\/www.lmevidence.sav.sk\/wp-content\/uploads\/2021\/01\/graf1-1024x357-860x300.jpg 860w, http:\/\/www.lmevidence.sav.sk\/wp-content\/uploads\/2021\/01\/graf1-300x105.jpg 300w, http:\/\/www.lmevidence.sav.sk\/wp-content\/uploads\/2021\/01\/graf1-1024x357.jpg 1024w, http:\/\/www.lmevidence.sav.sk\/wp-content\/uploads\/2021\/01\/graf1-768x268.jpg 768w, http:\/\/www.lmevidence.sav.sk\/wp-content\/uploads\/2021\/01\/graf1-1024x357-1147x400.jpg 1147w, http:\/\/www.lmevidence.sav.sk\/wp-content\/uploads\/2021\/01\/graf1.jpg 1059w\" sizes=\"(max-width: 860px) 100vw, 860px\" \/>                <\/a>\n            \n                        <\/div>\n            <!-- \/image-wrap -->\n        \n        \n        <\/div>\n    <!-- \/module image -->\n\t        <\/div>\n\t    \t<\/div>\n\t\t<div  class=\"module_column tb-column col2-1 last tb_37_column module_column_1 module_column_37-1-1 tb_wbwm668\" style=\"width: 47.8%\">\n\t    \t    \t        <div class=\"tb-column-inner\">\n\t\t    <!-- module text -->\n<div  class=\"module module-text tb_ppr2112    \">\n            <div  class=\"tb_text_wrap\">\n    <h3 style=\"text-align: center;\"><strong><a href=\"https:\/\/rpubs.com\/ekonmist\/Slovak_Full_Scale_testing\">Dopad obmedzovac\u00edch polit\u00edk na \u0161\u00edrenie pand\u00e9mie (v angli\u010dtine).<\/a><\/strong><\/h3>    <\/div>\n<\/div>\n<!-- \/module text -->\n    <!-- module image -->\n    <div  class=\"module module-image tb_jljf412 circle image-top  \">\n\t                <div class=\"image-wrap\">\n                            <a href=\"https:\/\/rpubs.com\/ekonmist\/Slovak_Full_Scale_testing\"\n                                      >\n                                           <img decoding=\"async\" src=\"http:\/\/www.lmevidence.sav.sk\/wp-content\/uploads\/2021\/01\/graf2-1-500x396.jpg\" width=\"500\" class=\" wp-post-image wp-image-317\" alt=\"graf2\" srcset=\"http:\/\/www.lmevidence.sav.sk\/wp-content\/uploads\/2021\/01\/graf2-1-500x396.jpg 500w, http:\/\/www.lmevidence.sav.sk\/wp-content\/uploads\/2021\/01\/graf2-1-300x238.jpg 300w, http:\/\/www.lmevidence.sav.sk\/wp-content\/uploads\/2021\/01\/graf2-1-768x610.jpg 768w, http:\/\/www.lmevidence.sav.sk\/wp-content\/uploads\/2021\/01\/graf2-1-100x79.jpg 100w, http:\/\/www.lmevidence.sav.sk\/wp-content\/uploads\/2021\/01\/graf2-1.jpg 848w\" sizes=\"(max-width: 500px) 100vw, 500px\" \/>                <\/a>\n            \n                        <\/div>\n            <!-- \/image-wrap -->\n        \n        \n        <\/div>\n    <!-- \/module image -->\n\t        <\/div>\n\t    \t<\/div>\n\t\t    <\/div>\n\t    <!-- \/row_inner -->\n\t<\/div>\n\t<!-- \/module_row -->\n\t<\/div>\n\n","protected":false},"excerpt":{"rendered":"<p>V pr\u00edpade, \u017ee V\u00e1s zauj\u00edma ak\u00e1 je situ\u00e1cia Slovenska v porovnan\u00ed s okolit\u00fdmi \u0161t\u00e1tmi Eur\u00f3pskej \u00fani\u00ed, m\u00f4\u017eete si ju prezrie\u0165 tu. Nach\u00e1dzaj\u00fa sa tu zauj\u00edmav\u00e9 grafy, ktor\u00e9 V\u00e1m pom\u00f4\u017eu zodpoveda\u0165 niektor\u00e9 Va\u0161e ot\u00e1zky.<\/p>\n","protected":false},"author":1,"featured_media":0,"parent":0,"menu_order":0,"comment_status":"closed","ping_status":"closed","template":"","meta":{"footnotes":""},"class_list":["post-37","page","type-page","status-publish","hentry","has-post-title","has-post-date","has-post-category","has-post-tag","has-post-comment","has-post-author",""],"builder_content":"<h3 style=\"text-align: center;\">V pr\u00edpade, \u017ee V\u00e1s zauj\u00edma ak\u00e1 je situ\u00e1cia Slovenska v porovnan\u00ed s okolit\u00fdmi \u0161t\u00e1tmi Eur\u00f3pskej \u00fani\u00ed, m\u00f4\u017eete si ju prezrie\u0165 tu. Nach\u00e1dzaj\u00fa sa tu zauj\u00edmav\u00e9 grafy, ktor\u00e9 V\u00e1m pom\u00f4\u017eu zodpoveda\u0165 niektor\u00e9 Va\u0161e ot\u00e1zky.<\/h3>\n\n<h3 style=\"text-align: center;\"><a href=\"https:\/\/rpubs.com\/Tomas_Miklosovic\/714787\"><strong>Priebeh a ekonomick\u00e9 dopady pand\u00e9mie<\/strong><\/a><\/h3>\n<a href=\"https:\/\/rpubs.com\/Tomas_Miklosovic\/714787\" > <img decoding=\"async\" src=\"http:\/\/www.lmevidence.sav.sk\/wp-content\/uploads\/2021\/01\/graf1-1024x357-860x300.jpg\" height=\"300\" alt=\"graf1\" srcset=\"http:\/\/www.lmevidence.sav.sk\/wp-content\/uploads\/2021\/01\/graf1-1024x357-860x300.jpg 860w, http:\/\/www.lmevidence.sav.sk\/wp-content\/uploads\/2021\/01\/graf1-300x105.jpg 300w, http:\/\/www.lmevidence.sav.sk\/wp-content\/uploads\/2021\/01\/graf1-1024x357.jpg 1024w, http:\/\/www.lmevidence.sav.sk\/wp-content\/uploads\/2021\/01\/graf1-768x268.jpg 768w, http:\/\/www.lmevidence.sav.sk\/wp-content\/uploads\/2021\/01\/graf1-1024x357-1147x400.jpg 1147w, http:\/\/www.lmevidence.sav.sk\/wp-content\/uploads\/2021\/01\/graf1.jpg 1059w\" sizes=\"(max-width: 860px) 100vw, 860px\" \/> <\/a>\n<h3 style=\"text-align: center;\"><strong><a href=\"https:\/\/rpubs.com\/ekonmist\/Slovak_Full_Scale_testing\">Dopad obmedzovac\u00edch polit\u00edk na \u0161\u00edrenie pand\u00e9mie (v angli\u010dtine).<\/a><\/strong><\/h3>\n<a href=\"https:\/\/rpubs.com\/ekonmist\/Slovak_Full_Scale_testing\" > <img decoding=\"async\" src=\"http:\/\/www.lmevidence.sav.sk\/wp-content\/uploads\/2021\/01\/graf2-1-500x396.jpg\" width=\"500\" alt=\"graf2\" srcset=\"http:\/\/www.lmevidence.sav.sk\/wp-content\/uploads\/2021\/01\/graf2-1-500x396.jpg 500w, http:\/\/www.lmevidence.sav.sk\/wp-content\/uploads\/2021\/01\/graf2-1-300x238.jpg 300w, http:\/\/www.lmevidence.sav.sk\/wp-content\/uploads\/2021\/01\/graf2-1-768x610.jpg 768w, http:\/\/www.lmevidence.sav.sk\/wp-content\/uploads\/2021\/01\/graf2-1-100x79.jpg 100w, http:\/\/www.lmevidence.sav.sk\/wp-content\/uploads\/2021\/01\/graf2-1.jpg 848w\" sizes=\"(max-width: 500px) 100vw, 500px\" \/> <\/a>","_links":{"self":[{"href":"http:\/\/www.lmevidence.sav.sk\/index.php?rest_route=\/wp\/v2\/pages\/37"}],"collection":[{"href":"http:\/\/www.lmevidence.sav.sk\/index.php?rest_route=\/wp\/v2\/pages"}],"about":[{"href":"http:\/\/www.lmevidence.sav.sk\/index.php?rest_route=\/wp\/v2\/types\/page"}],"author":[{"embeddable":true,"href":"http:\/\/www.lmevidence.sav.sk\/index.php?rest_route=\/wp\/v2\/users\/1"}],"replies":[{"embeddable":true,"href":"http:\/\/www.lmevidence.sav.sk\/index.php?rest_route=%2Fwp%2Fv2%2Fcomments&post=37"}],"version-history":[{"count":44,"href":"http:\/\/www.lmevidence.sav.sk\/index.php?rest_route=\/wp\/v2\/pages\/37\/revisions"}],"predecessor-version":[{"id":401,"href":"http:\/\/www.lmevidence.sav.sk\/index.php?rest_route=\/wp\/v2\/pages\/37\/revisions\/401"}],"wp:attachment":[{"href":"http:\/\/www.lmevidence.sav.sk\/index.php?rest_route=%2Fwp%2Fv2%2Fmedia&parent=37"}],"curies":[{"name":"wp","href":"https:\/\/api.w.org\/{rel}","templated":true}]}}

<div id="themify_builder_content-37" data-postid="37" class="themify_builder_content themify_builder_content-37 themify_builder">
    	<!-- module_row -->
	<div   class="themify_builder_row module_row clearfix module_row_0 themify_builder_37_row module_row_37-0 tb_tfol459">
	    	    <div class="row_inner col_align_top" >
			<div  class="module_column tb-column col-full first tb_37_column module_column_0 module_column_37-0-0 tb_1gv2459">
	    	    	        <div class="tb-column-inner">
		    <!-- module text -->
<div  class="module module-text tb_oey1846    ">
            <div  class="tb_text_wrap">
    <h3 style="text-align: center;">V prípade, že Vás zaujíma aká je situácia Slovenska v porovnaní s okolitými štátmi Európskej únií, môžete si ju prezrieť tu. Nachádzajú sa tu zaujímavé grafy, ktoré Vám pomôžu zodpovedať niektoré Vaše otázky.</h3>    </div>
</div>
<!-- /module text -->
    <!-- module divider -->
    <div  class="module module-divider tb_4a34644 solid    " style="border-width: 3px;border-color: #000000;">
	            </div>
    <!-- /module divider -->
	        </div>
	    	</div>
		    </div>
	    <!-- /row_inner -->
	</div>
	<!-- /module_row -->
		<!-- module_row -->
	<div   class="themify_builder_row module_row clearfix module_row_1 themify_builder_37_row module_row_37-1 tb_kkqm668">
	    	    <div class="row_inner col_align_top" >
			<div  class="module_column tb-column col2-1 first tb_37_column module_column_0 module_column_37-1-0 tb_29g9668" style="width: 49%">
	    	    	        <div class="tb-column-inner">
		    <!-- module text -->
<div  class="module module-text tb_uv2f692    ">
            <div  class="tb_text_wrap">
    <h3 style="text-align: center;"><a href="https://rpubs.com/Tomas_Miklosovic/714787"><strong>Priebeh a ekonomické dopady pandémie</strong></a></h3>    </div>
</div>
<!-- /module text -->
    <!-- module image -->
    <div  class="module module-image tb_inmh370 circle image-full-overlay    active-caption-hover">
	                <div class="image-wrap">
                            <a href="https://rpubs.com/Tomas_Miklosovic/714787"
                                      >
                                           <img decoding="async" src="http://www.lmevidence.sav.sk/wp-content/uploads/2021/01/graf1-1024x357-860x300.jpg" height="300" class=" wp-post-image wp-image-314" alt="graf1" srcset="http://www.lmevidence.sav.sk/wp-content/uploads/2021/01/graf1-1024x357-860x300.jpg 860w, http://www.lmevidence.sav.sk/wp-content/uploads/2021/01/graf1-300x105.jpg 300w, http://www.lmevidence.sav.sk/wp-content/uploads/2021/01/graf1-1024x357.jpg 1024w, http://www.lmevidence.sav.sk/wp-content/uploads/2021/01/graf1-768x268.jpg 768w, http://www.lmevidence.sav.sk/wp-content/uploads/2021/01/graf1-1024x357-1147x400.jpg 1147w, http://www.lmevidence.sav.sk/wp-content/uploads/2021/01/graf1.jpg 1059w" sizes="(max-width: 860px) 100vw, 860px" />                </a>
            
                        </div>
            <!-- /image-wrap -->
        
        
        </div>
    <!-- /module image -->
	        </div>
	    	</div>
		<div  class="module_column tb-column col2-1 last tb_37_column module_column_1 module_column_37-1-1 tb_wbwm668" style="width: 47.8%">
	    	    	        <div class="tb-column-inner">
		    <!-- module text -->
<div  class="module module-text tb_ppr2112    ">
            <div  class="tb_text_wrap">
    <h3 style="text-align: center;"><strong><a href="https://rpubs.com/ekonmist/Slovak_Full_Scale_testing">Dopad obmedzovacích politík na šírenie pandémie (v angličtine).</a></strong></h3>    </div>
</div>
<!-- /module text -->
    <!-- module image -->
    <div  class="module module-image tb_jljf412 circle image-top  ">
	                <div class="image-wrap">
                            <a href="https://rpubs.com/ekonmist/Slovak_Full_Scale_testing"
                                      >
                                           <img decoding="async" src="http://www.lmevidence.sav.sk/wp-content/uploads/2021/01/graf2-1-500x396.jpg" width="500" class=" wp-post-image wp-image-317" alt="graf2" srcset="http://www.lmevidence.sav.sk/wp-content/uploads/2021/01/graf2-1-500x396.jpg 500w, http://www.lmevidence.sav.sk/wp-content/uploads/2021/01/graf2-1-300x238.jpg 300w, http://www.lmevidence.sav.sk/wp-content/uploads/2021/01/graf2-1-768x610.jpg 768w, http://www.lmevidence.sav.sk/wp-content/uploads/2021/01/graf2-1-100x79.jpg 100w, http://www.lmevidence.sav.sk/wp-content/uploads/2021/01/graf2-1.jpg 848w" sizes="(max-width: 500px) 100vw, 500px" />                </a>
            
                        </div>
            <!-- /image-wrap -->
        
        
        </div>
    <!-- /module image -->
	        </div>
	    	</div>
		    </div>
	    <!-- /row_inner -->
	</div>
	<!-- /module_row -->
	</div>

<p>V prípade, že Vás zaujíma aká je situácia Slovenska v porovnaní s okolitými štátmi Európskej únií, môžete si ju prezrieť tu. Nachádzajú sa tu zaujímavé grafy, ktoré Vám pomôžu zodpovedať niektoré Vaše otázky.</p>

<h3 style="text-align: center;">V prípade, že Vás zaujíma aká je situácia Slovenska v porovnaní s okolitými štátmi Európskej únií, môžete si ju prezrieť tu. Nachádzajú sa tu zaujímavé grafy, ktoré Vám pomôžu zodpovedať niektoré Vaše otázky.</h3>

<h3 style="text-align: center;"><a href="https://rpubs.com/Tomas_Miklosovic/714787"><strong>Priebeh a ekonomické dopady pandémie</strong></a></h3>
<a href="https://rpubs.com/Tomas_Miklosovic/714787" > <img decoding="async" src="http://www.lmevidence.sav.sk/wp-content/uploads/2021/01/graf1-1024x357-860x300.jpg" height="300" alt="graf1" srcset="http://www.lmevidence.sav.sk/wp-content/uploads/2021/01/graf1-1024x357-860x300.jpg 860w, http://www.lmevidence.sav.sk/wp-content/uploads/2021/01/graf1-300x105.jpg 300w, http://www.lmevidence.sav.sk/wp-content/uploads/2021/01/graf1-1024x357.jpg 1024w, http://www.lmevidence.sav.sk/wp-content/uploads/2021/01/graf1-768x268.jpg 768w, http://www.lmevidence.sav.sk/wp-content/uploads/2021/01/graf1-1024x357-1147x400.jpg 1147w, http://www.lmevidence.sav.sk/wp-content/uploads/2021/01/graf1.jpg 1059w" sizes="(max-width: 860px) 100vw, 860px" /> </a>
<h3 style="text-align: center;"><strong><a href="https://rpubs.com/ekonmist/Slovak_Full_Scale_testing">Dopad obmedzovacích politík na šírenie pandémie (v angličtine).</a></strong></h3>
<a href="https://rpubs.com/ekonmist/Slovak_Full_Scale_testing" > <img decoding="async" src="http://www.lmevidence.sav.sk/wp-content/uploads/2021/01/graf2-1-500x396.jpg" width="500" alt="graf2" srcset="http://www.lmevidence.sav.sk/wp-content/uploads/2021/01/graf2-1-500x396.jpg 500w, http://www.lmevidence.sav.sk/wp-content/uploads/2021/01/graf2-1-300x238.jpg 300w, http://www.lmevidence.sav.sk/wp-content/uploads/2021/01/graf2-1-768x610.jpg 768w, http://www.lmevidence.sav.sk/wp-content/uploads/2021/01/graf2-1-100x79.jpg 100w, http://www.lmevidence.sav.sk/wp-content/uploads/2021/01/graf2-1.jpg 848w" sizes="(max-width: 500px) 100vw, 500px" /> </a>
